9?
0
What is the units digit of 35242?
2
What is the units digit of 2885?
5
What is the units digit of 50741?
1
What is the thousands digit of 4822?
4
What is the thousands digit of 23329?
3
What is the tens digit of 1602?
0
What is the hundreds digit of 999?
9
What is the tens digit of 20780?
8
What is the tens digit of 747?
4
What is the hundreds digit of 60951?
9
What is the units digit of 8125?
5
What is the units digit of 47458?
8
What is the ten thousands digit of 73122?
7
What is the thousands digit of 61857?
1
What is the thousands digit of 1242?
1
What is the hundreds digit of 599?
5
What is the thousands digit of 20039?
0
What is the tens digit of 3881?
8
What is the units digit of 654?
4
What is the tens digit of 551?
5
What is the thousands digit of 17273?
7
What is the thousands digit of 6060?
6
What is the units digit of 661?
1
What is the hundreds digit of 5360?
3
What is the hundreds digit of 72023?
0
What is the units digit of 32?
2
What is the units digit of 7369?
9
What is the thousands digit of 4214?
4
What is the hundreds digit of 8323?
3
What is the tens digit of 950?
5
What is the units digit of 37504?
4
What is the ten thousands digit of 17128?
1
What is the ten thousands digit of 39271?
3
What is the units digit of 4402?
2
What is the units digit of 3548?
8
What is the thousands digit of 7745?
7
What is the tens digit of 31?
3
What is the tens digit of 1225?
2
What is the units digit of 1735?
5
What is the hundreds digit of 103663?
6
What is the tens digit of 5434?
3
What is the hundreds digit of 2458?
4
What is the hundreds digit of 75470?
4
What is the tens digit of 6126?
2
What is the hundreds digit of 8865?
8
What is the thousands digit of 6687?
6
What is the units digit of 240?
0
What is the thousands digit of 3389?
3
What is the units digit of 54?
4
What is the hundreds digit of 7187?
1
What is the ten thousands digit of 28725?
2
What is the tens digit of 490?
9
What is the tens digit of 735?
3
What is the hundred thousands digit of 136573?
1
What is the tens digit of 2388?
8
What is the ten thousands digit of 85038?
8
What is the hundreds digit of 4914?
9
What is the ten thousands digit of 18052?
1
What is the thousands digit of 16466?
6
What is the hundreds digit of 28887?
8
What is the tens digit of 12246?
4
What is the units digit of 4042?
2
What is the thousands digit of 2075?
2
What is the tens digit of 1284?
8
What is the hundreds digit of 2658?
6
What is the hundreds digit of 22223?
2
What is the tens digit of 123457?
5
What is the thousands digit of 14541?
4
What is the tens digit of 13681?
8
What is the thousands digit of 26200?
6
What is the hundreds digit of 8577?
5
What is the units digit of 11677?
7
What is the ten thousands digit of 14536?
1
What is the hundreds digit of 1721?
7
What is the hundreds digit of 6418?
4
What is the thousands digit of 66062?
6
What is the hundreds digit of 158250?
2
What is the thousands digit of 31548?
1
What is the hundreds digit of 8128?
1
What is the units digit of 2850?
0
What is the tens digit of 5367?
6
What is the hundreds digit of 34802?
8
What is the tens digit of 239?
3
What is the units digit of 4531?
1
What is the thousands digit of 2017?
2
What is the ten thousands digit of 37252?
3
What is the ten thousands digit of 30449?
3
What is the tens digit of 759?
5
What is the thousands digit of 1112?
1
What is the thousands digit of 4279?
4
What is the units digit of 16647?
7
What is the hundreds digit of 3456?
4
What is the thousands digit of 3939?
3
What is the units digit of 76?
6
What is the units digit of 831?
1
What is the hundreds digit of 25947?
9
What is the tens digit of 52537?
3
What is the hundreds digit of 27367?
3
What is the hundreds digit of 663?
6
What is the units digit of 1347?
7
What is the thousands digit of 19981?
9
What is the tens digit of 876?
7
What is the units digit of 1022?
2
What is the units digit of 969?
9
What is the units digit of 661?
1
What is the thousands digit of 2297?
2
What is the hundreds digit of 148?
1
What is the hundreds digit of 6081?
0
What is the thousands digit of 3598?
3
What is the tens digit of 601?
0
What is the hundred thousands digit of 113325?
1
What is the tens digit of 3080?
8
What is the thousands digit of 6265?
6
What is the units digit of 59648?
8
What is the units digit of 500?
0
What is the units digit of 794?
4
What is the tens digit of 20643?
4
What is the units digit of 24232?
2
What is the hundreds digit of 9385?
3
What is the ten thousands digit of 27378?
2
What is the ten thousands digit of 52822?
5
What is the thousands digit of 64626?
4
What is the tens digit of 4970?
7
What is the tens digit of 26968?
6
What is the units digit of 9306?
6
What is the thousands digit of 32008?
2
What is the hundreds digit of 87899?
8
What is the units digit of 4471?
1
What is the ten thousands digit of 16872?
1
What is the tens digit of 1195?
9
What is the units digit of 7309?
9
What is the thousands digit of 7181?
7
What is the units digit of 11336?
6
What is the thousands digit of 63062?
3
What is the hundreds digit of 1478?
4
What is the tens digit of 8889?
8
What is the units digit of 3874?
4
What is the thousands digit of 1948?
1
What is the thousands digit of 48945?
8
What is the units digit of 2593?
3
What is the tens digit of 899?
9
What is the units digit of 63?
3
What is the ten thousands digit of 50657?
5
What is the thousands digit of 2791?
2
What is the units digit of 431?
1
What is the thousands digit of 41593?
1
What is the tens digit of 229?
2
What is the tens digit of 63132?
3
What is the tens digit of 2283?
8
What is the tens digit of 4018?
1
What is the hundreds digit of 111?
1
What is the units digit of 779?
9
What is the ten thousands digit of 24029?
2
What is the tens digit of 26530?
3
What is the units digit of 2963?
3
What is the tens digit of 34104?
0
What is the hundreds digit of 88885?
8
What is the tens digit of 11927?
2
What is the thousands digit of 9442?
9
What is the units digit of 287?
7
What is the thousands digit of 29078?
9
What is the hundreds digit of 5107?
1
What is the thousands digit of 5977?
5
What is the hundreds digit of 189931?
9
What is the thousands digit of 1070?
1
What is the hundreds digit of 1329?
3
What is the units digit of 31385?
5
What is the units digit of 47859?
9
What is the tens digit of 67185?
8
What is the units digit of 5838?
8
What is the ten thousands digit of 55549?
5
What is the hundreds digit of 72461?
4
What is the tens digit of 4597?
9
What is the units digit of 358?
8
What is the units digit of 103450?
0
What is the units digit of 662?
2
What is the ten thousands digit of 50713?
5
What is the hundreds digit of 7240?
2
What is the tens digit of 14798?
9
What is the units digit of 23798?
8
What is the hundreds digit of 68880?
8
What is the hundreds digit of 27418?
4
What is the units digit of 164?
4
What is the ten thousands digit of 37176?
3
What is the units digit of 72903?
3
What is the thousands digit of 53310?
3
What is the hundreds digit of 19042?
0
What is the thousands digit of 1511?
1
What is the tens digit of 722?
2
What is the units digit of 384?
4
What is the thousands digit of 81367?
1
What is the hundreds digit of 1394?
3
What is the hundreds digit of 1171?
1
What is the hundred thousands digit of 186349?
1
What is the tens digit of 291?
9
What is the units digit of 7921?
1
What is the tens digit of 581?
8
What is the hundreds digit of 77084?
0
What is the thousands digit of 1382?
1
What is the hundreds digit of 2383?
3
What is the units digit of 768?
8
What is the thousands digit of 1089?
1
What is the thousands digit of 4622?
4
What is the units digit of 50914?
4
What is the units digit of 183?
3
What is the tens digit of 8200?
0
What is the hundreds digit of 353?
3
What is the hundreds digit of 645?
6
What is the tens digit of 228?
2
What is the units digit of 4755?
5
What is the thousands digit of 42665?
2
What is the tens digit of 1223?
2
What is the units digit of 1852?
2
What is the units digit of 117316?
6
What is the units digit of 2742?
2
What is the units digit of 17661?
1
What is the thousands digit of 9918?
9
What is the thousands digit of 58576?
8
What is the thousands digit of 1114?
1
What is the units digit 